 when i is divided by 2387/99 - (8/216)/(2/6)?
22
Suppose 4062 + 35679 = 120*r - 8619. What is the remainder when r is divided by 30 + (-2)/(0 - -2)?
26
Let w(i) = 16 - 130*i - 31 + i**2 + 3*i**2. Calculate the remainder when w(34) is divided by 12.
9
Suppose 4*a - 3000 = -10*q + 4850, 4*q = 5*a + 3173. What is the remainder when q is divided by 72?
67
Suppose 0 = -9*h + 3 + 24. Let r be (4 - (3 - h)) + 17. Suppose j + 0*j - r = 0. What is the remainder when 102 is divided by j?
18
Suppose -3*o + 124 - 109 = 0. Suppose 83 + 43 = o*y - 3*q, -2*y + 42 = 3*q. Calculate the remainder when 74 is divided by y.
2
Let k be (3/(-2))/(16/(-32)). Let h(p) = -p**3 + 3*p**2 + 3*p + 3. Calculate the remainder when 0 - 2/((-2)/(-177)*-3) is divided by h(k).
11
Let t = -438 + 924. Suppose 221*g - 230*g = -t. What is the remainder when g is divided by 52?
2
Let y(u) = 9*u**2 + 0*u**2 - 2*u**2 + 3*u**2. What is the remainder when y(-1) is divided by (9 - 6)*12/9?
2
Let w = 252 + -257. Calculate the remainder when ((-176)/(-10))/((-2)/w) is divided by 12.
8
Let t(b) = b**3 - 22*b**2 + 127*b + 64. Calculate the remainder when 309 is divided by t(11).
49
Let q(s) = -29*s**2 + 904*s + 109. Calculate the remainder when 538 is divided by q(31).
10
Suppose -234*c - 80*c + 42296 = 930*c. Suppose -4*j + 126 + 122 = 0. Calculate the remainder when j is divided by c.
28
Let s(y) = 2*y - 33. Let r be s(0). Let b(a) = 113*a**2 + 7*a + 4. Calculate the remainder when b(-1) is divided by ((-28)/(-6))/((-11)/r).
12
Suppose 0*y - 3*y = -5*a - 38, 5*y - 115 = -2*a. Suppose -22*m + 9 = -y*m. Calculate the remainder when m is divided by 6.
3
Suppose -77*o = -57*o - 50380. Calculate the remainder when o is divided by 90.
89
Let o be (-48)/16*(-2 - -1). Suppose -7 = -m - i, -3*m = -o*i - 35 + 14. Calculate the remainder when (0 + 12/(-24))/(1/(-36)) is divided by m.
4
Let h be (-2)/(-2) - 3*(-6)/9. Suppose 0 = -h*i + 15. Suppose -3*v + 257 = 4*j, j + i*v - 58 = 3*v. What is the remainder when j is divided by 14?
12
Let q(a) = a**2 - 4*a - 8. Let y be 9/(9/4) + 3. Let b be q(y). Suppose 0 = -5*h - m + 53, 5*h - 4*h - b = -m. What is the remainder when 39 is divided by h?
9
Suppose -2*i = -i - c - 47, c + 1 = 0. Let f(z) = -2*z**3 + 47*z**2 + 113*z + 463. Calculate the remainder when i is divided by f(26).
4
Let i(z) = 3*z**2 - z - 63. Let q be i(8). Let t = -86 + q. What is the remainder when -136*(-1 - -2)*-1 is divided by t?
31
Suppose 0 = -r + 4*x + 6, 2*r = -x - 24. Let t(s) = -3*s + 23. What is the remainder when t(r) is divided by 28?
25
Let h(z) = 2*z**3 + 4*z**2 + 22. Suppose 0 = -34*u + 75 + 95. What is the remainder when h(u) is divided by 13?
8
Suppose -24336 = -206*a + 2650. Calculate the remainder when a is divided by 10.
1
Let p(c) = -c**3 - 2*c**2 + 27*c - 14. Let f be p(-8). Let q = f + -124. What is the remainder when 110 is divided by q?
20
Let j(f) = f**2 + 18*f + 24. Let c(q) = -27*q + 1. Let w be c(-1). Let k = w + -15. Calculate the remainder when k is divided by j(-17).
6
Let z = 9 - -10. What is the remainder when z is divided by (-540)/2160 + 13/3*(-12)/(-16)?
1
Let k = 5729 + -4434. Calculate the remainder when k is divided by 59.
56
Let x(r) = 54*r - 4897. Let y = 10 - -3. Calculate the remainder when x(94) is divided by y.
10
Suppose 19*t - 16*t - 254 = -5*n, -5*t - 270 = -5*n. What is the remainder when 517 is divided by n?
49
Let u(x) = x**3 - 10*x - 14. What is the remainder when 2271 is divided by u(6)?
141
Suppose 5*y = 2*u + 1033, 5*u - 248 = -4*y + 585. Suppose -3*m = 5*h - y - 118, 3*h + 204 = 2*m. Calculate the remainder when m is divided by 11.
6
Suppose 0 = -56*h + 25*h. Suppose h = x + 3, r - 32 = 4*x - 3*x. What is the remainder when 41 is divided by r?
12
Let p(q) = -4*q**3 - 6*q - 13. Let w(o) = -2*o**3 - 3*o - 7. Let i(g) = -3*p(g) + 5*w(g). Let z = -16 - -26. Calculate the remainder when i(3) is divided by z.
7
Let z = 50 + -35. Suppose -166*r = -165*r - z. Suppose 0 = -3*d + r, 4*n + 3*d - 58 = 5*d. What is the remainder when n is divided by 9?
8
What is the remainder when 36 is divided by (-54)/1107 - 2466/(-123)?
16
Let v = 124 + 2274. Suppose -12*n + v = 622. What is the remainder when n is divided by 85?
63
Suppose -3*u - 2*u = -1255. Let z = -57 - -66. Suppose -z*m - 17 = -u. What is the remainder when 101 is divided by m?
23
Suppose -5*l + 205 = -0*l. Let n(x) = -x**3 + 17*x**2 - 22*x - 21. Let y be n(16). Let c = y - -238. What is the remainder when c is divided by l?
39
Suppose -37*p - 4190 = -27*p. Let d = p + 469. What is the remainder when 547 is divided by d?
47
Let g be 390/(-8) - 2/8. Let c = 50 + g. Calculate the remainder when 3 is divided by c.
0
Let z be 2/15 - 172/(-60). Suppose -3*c - c + 154 = 3*j, 5*j + z*c = 253. Suppose -2427 = -18*o + 183. What is the remainder when o is divided by j?
45
Let z be (110/(-88))/(2/(-152)). Let r = z + -72. Calculate the remainder when r is divided by 7.
2
Suppose -4*t - 21*t - 10*t = 0. Suppose 42 = -5*c + 37, 2*b - 5*c - 133 = t. Calculate the remainder when b is divided by 2.
0
Let h(r) = -3*r**3 + 5*r**2 + 3*r - 16. Let j be h(-5). Let u = j + -448. Calculate the remainder when 76 is divided by u.
13
Let u(v) = -v**2 + 12*v + 64. Let w be u(15). Let r = 58 - w. What is the remainder when 94 is divided by r?
16
Let y = -26 - -65. Suppose 0 = 23*h - 10*h - 1339. Suppose 0 = -5*b - 3 + h. Calculate the remainder when y is divided by b.
19
Let d(c) = 35*c**2 + 35*c + 259. What is the remainder when d(-6) is divided by 19?
17
Suppose 4*t - 113 = 5*f, 0 = 5*t - f + 16 - 131. Calculate the remainder when 42 is divided by t.
20
Let u = 2125 - 2053. Calculate the remainder when 470 is divided by u.
38
Suppose 0 = -2*z + 3 - 7, -z = 2*u - 26. Suppose -2*s + 4*s - 3*w = 187, -4*s = 5*w - 385. What is the remainder when s is divided by u?
11
Calculate the remainder when 633 is divided by (-10)/(-5)*(-248)/(-48)*3 + -5.
9
Calculate the remainder when 467 is divided by 4/14 - (100/(-112))/((-12)/(-1488)).
23
Suppose -2*h - 196 = -6*h. Let q = 138 + -132. Suppose 0 = 3*d + 12, -q*d = s - d - h. Calculate the remainder when s is divided by 35.
34
Suppose -40 = -2*i - 2*o, -5*i = -0*i + 2*o - 106. Suppose -4*x = 20, h - 5*x - 162 = 35. Suppose u = 5*u - h. Calculate the remainder when u is divided by i.
21
Suppose -z - 5*g = -26, -3*z + 18 = -0*g - 5*g. Let l(n) be the first derivative of 2*n**2 + 55*n - 73. Calculate the remainder when l(-6) is divided by z.
9
Suppose d + 4*l - 1 = -11, 0 = -d - 3*l - 7. Let b(v) = 40*v**2 + 2*v + 2. What is the remainder when b(d) is divided by 10?
6
Let k(t) = -12*t + 376. Calculate the remainder when k(-9) is divided by 187.
110
Let u(t) = -188*t + 34. Let f be u(-3). Let j = 609 - f. Calculate the remainder when 31 is divided by j.
9
Let a be (-3 - 95/25)*-10. Suppose -1615 = -a*m + 49*m. Calculate the remainder when 420 is divided by m.
80
Suppose 13*c - 1382 = 867 - 104. What is the remainder when 572 is divided by c?
77
Let h(q) = 3*q**2 - 103*q - 922. Calculate the remainder when h(-9) is divided by 15.
8
Let w be -1 - (35/(-28) + 45/(-12)). What is the remainder when 56 is divided by (152/24 - 5)/(w/66)?
12
Suppose 4*j - 3*j + 32 = p, 2*p + 96 = -3*j. Let d = 38 + j. Suppose -2*r + 2 = -d. Calculate the remainder when 5 is divided by r.
1
Suppose -5*y + 5*f + 95 + 15 = 0, 5*y - f - 102 = 0. Calculate the remainder when 636 is divided by y.
16
Let v be (-30)/(-4) - (2/(-4) - -1). What is the remainder when ((-96)/(-28))/(-8) + 1242/v is divided by 20?
17
Suppose -5*q + 2*q = -9. Suppose 0*l - 5*o = -2*l + 33, 2*l - 13 = o. Suppose l*k + 10 = 54. What is the remainder when k is divided by q?
2
Let m(u) = -4*u + 5. Let n(i) = -5*i + 4. Let t(s) = 4*m(s) - 3*n(s). Let j = -214 - -329. Calculate the remainder when j is divided by t(-9).
13
Let d = 9 - 4. Suppose 2*u - 253 = m - 2*m, u + 2*m = 119. Let s = u + -112. Calculate the remainder when s is divided by d.
2
Let z = 5100 + -4741. Calculate the remainder when z is divided by 26.
21
Let b = 50 - 52. Let o be 4 + 5*(b + -7). Let a = -38 - o. Calculate the remainder when 9 is divided by a.
0
Let b = 23421 + -23103. What is the remainder when 804 is divided by b?
168
Suppose -2*w + 37*r = 35*r - 2792, 2